)/(-30)). Let x = 18 + j. What is the remainder when 9 is divided by x?
3
Suppose -3*w = 21 - 9. Suppose 0 = 16*f - 14*f + 26. What is the remainder when 49 is divided by f/6*w*3?
23
Let i(y) = 34*y**2 + y. Suppose 3*x - 2*x = -1. Let z be i(x). Suppose -v + 0*v + z = b, 5*v = -b + 25. What is the remainder when b is divided by 18?
17
Suppose h = 3*l - 5*l + 26, 0 = 3*h. Calculate the remainder when 101 is divided by l.
10
Let d(o) be the first derivative of o**3/3 + 5*o**2 + 5*o - 11. What is the remainder when d(-11) is divided by -1*2*(-9)/2?
7
Let y be (0 - (-3 - -3)) + 2. Suppose 4*r + 5*g = 309, -r + 9 = -y*g - 78. Let t = -33 + 61. What is the remainder when r is divided by t?
25
Suppose -2*u + 2 = -6. Let a be -3 + (-21)/(-6) - 63/(-6). Suppose -129 = -a*n - 19. What is the remainder when n is divided by u?
2
Let i(u) = -u**2 + 2. Let m = -3 - -5. Let q be i(m). Calculate the remainder when (52 - 0 - q) + -1 is divided by 18.
17
Let c(q) = 2*q**2 - q + 23*q**3 - q**2 - 6*q**3. What is the remainder when 61 is divided by c(1)?
10
Suppose 0 = 55*c - 13*c - 3990. Calculate the remainder when c is divided by 48.
47
Suppose 10 = -0*s + 5*s, -5*p = 3*s + 34. Let q(y) = y**2 + 5*y - 3. Calculate the remainder when 40 is divided by q(p).
19
Let n(s) = -12*s**2 + 5*s**3 - s**3 + 14 - 3*s**3 + 0*s**3 + 12*s. What is the remainder when 99 is divided by n(11)?
24
Let r(p) = -p**2 - 9*p - 5. Let s be r(-8). Suppose -14 = -g + w, -s*w + 2*w + 46 = 5*g. Calculate the remainder when 17 is divided by g.
7
Let o(r) = 0*r**2 - 5 + 0*r**2 + 4 + r**2. What is the remainder when 23 is divided by o(2)?
2
Let v(m) = m**3 + 7*m**2 + 6*m + 20. What is the remainder when v(-6) is divided by 2?
0
What is the remainder when 4/(-3) + (-2)/3 - -142 is divided by 19?
7
Suppose -6*f - 2*g + 20 = -f, -4*g = -4*f - 12. Calculate the remainder when 31 is divided by 13 - (0 - f - -5)*-1.
15
Suppose -84*g + 85*g = 50. Calculate the remainder when 146 is divided by g.
46
Let d(i) = 11*i**3 - i + 1. Let w(g) = -g - 15. Let v be w(-9). Let x(q) = -q**3 - 4*q**2 + q - 13. What is the remainder when x(v) is divided by d(1)?
9
Suppose 2*t = -3*u - 3*t + 51, 3 = u - 3*t. Let m(o) = -5*o + 25. Let k be m(4). Calculate the remainder when k/60*3 + 83/4 is divided by u.
9
Let u(a) = -a + 1. Let t be u(-1). Suppose 8 = 6*l - t*l. Suppose 60 = 2*q - g - l*g, -g = -4*q + 100. Calculate the remainder when 45 is divided by q.
21
Suppose -2*c = 1 - 43. What is the remainder when 23 is divided by (-2)/7 + 69/c + 2?
3
Suppose 225 = -18*o + 23*o. Calculate the remainder when o is divided by 2*3 - (-40)/10.
5
Suppose 25 = 8*s - 7*s. What is the remainder when 122 is divided by s?
22
Calculate the remainder when 1/(-12) + 56749/1452 is divided by 21.
18
Let z = -18 - -28. Suppose 9*v + 2 = 11*v. Let y = v + 5. What is the remainder when z is divided by y?
4
Let b(s) = 7*s**3 - 2*s**2 + s - 1. Let g(h) = h**2 + 410*h + 1248. What is the remainder when b(2) is divided by g(-3)?
22
Let s = 52 + -47. Suppose -55 = -4*v + 3*o, s*v + 5*o - 31 = 4*v. What is the remainder when v is divided by 10?
6
Let o = 37 + -7. Suppose 4*i - 469 = -v, 0 = -2*i - 2*v + 3*v + 239. What is the remainder when i is divided by o?
28
Let g be 1/(-2)*(25 + -33). Suppose -2*n = -5*n, 0 = 4*s + g*n - 36. What is the remainder when 35 is divided by s?
8
Suppose 7*b + 31 - 1522 = 0. Calculate the remainder when b is divided by 24.
21
Suppose 3*n = 12 - 0. Suppose 7*m - 60 = 3*m. What is the remainder when 2247/77 + n/(-22) is divided by m?
14
Let o(t) = t**3 - 7*t**2 - 6*t - 11. Let r be o(8). Suppose 4*k - 420 = 4*u, 6*k = 2*k + r*u + 422. What is the remainder when k is divided by 35?
33
Let v = 373 - 281. Calculate the remainder when v is divided by 12.
8
Calculate the remainder when (27/(-6))/(5/(-110)*1) is divided by 26.
21
Suppose -61 = v - 87. What is the remainder when 64 is divided by v?
12
Suppose 4*v - l = -102, -v + 3*v = l - 52. Let b = 32 + v. Calculate the remainder when 27 is divided by b.
6
Suppose 22 = 2*x + 2. Let d(c) = c**3 + 2*c**2 - 3*c - 3. Let z be d(-3). Let v = x - z. Calculate the remainder when v is divided by 7.
6
Let k(j) = -j**2 + 13*j + 4. Let v = 125 - 62. What is the remainder when v is divided by k(12)?
15
Let o(i) = -i - 19 + 3*i - 5*i. Let n = -116 + 107. Calculate the remainder when 23 is divided by o(n).
7
Let j = -27 + 32. Suppose 3*p - j*r = p, 2*r - 18 = -p. Suppose 5*l - 41 - 86 = 2*o, -12 = -3*o. What is the remainder when l is divided by p?
7
What is the remainder when (-1521)/(-26)*4/6 is divided by 9?
3
Let h be 9*(2 - (-15)/(-9)). Suppose 3*x = 2*w, 2*x - h*x = w + 5. Calculate the remainder when 7 is divided by -3 + 3 + w + 7.
3
Suppose x + v = -0*x + 6, 3*x = 2*v + 18. Calculate the remainder when 192 is divided by 0 + (-18)/x + 16.
10
Suppose -37 = -2*i + 5. Suppose -h - i = -19. Calculate the remainder when (-10)/(-7 - h)*54 is divided by 28.
24
Suppose 50 = 4*b - 22. Suppose -3*o + b = h, -54 = -2*h - h - o. Calculate the remainder when 62 is divided by 4 + -6 + h + 0.
14
Let p = 14 + 7. What is the remainder when p is divided by (-13)/((-65)/35) - -6*1?
8
Let d = 37 + -29. Calculate the remainder when 43 is divided by d/(-36) + 227/9 + -3.
21
Calculate the remainder when (-18)/(-42) + (-3120)/(-21) is divided by 40.
29
Let w = 330 - 317. What is the remainder when 29 is divided by w?
3
Let v(s) = 15*s - 1. Let c = -13 - -21. Let m(b) = -b**3 + 8*b**2 + 7*b - 2. What is the remainder when m(c) is divided by v(1)?
12
Let f(m) = -15*m + 10. Let t be f(1). Calculate the remainder when 28 is divided by 53/5 + 3/t.
8
Let d = -162 - -100. Let n = d + 144. Calculate the remainder when n is divided by 21.
19
Let j(t) = 25*t**3 - 8*t**2 + 8*t + 1. Calculate the remainder when 48 is divided by j(1).
22
Suppose 18*i - 188 = 190. Calculate the remainder when i is divided by 8.
5
Suppose -8*o = -2632 + 880. What is the remainder when 220 is divided by o?
1
Let f = 316 + -187. What is the remainder when f is divided by 206/8 + (-2)/(-8)?
25
Suppose 3*z = -2*z - 4*h - 40, 19 = -z - 3*h. What is the remainder when 149/2 - 6/z is divided by 26?
24
Suppose -w + 3*u = -55, -2*w = 5*u + 11 - 66. Let y = 28 + -17. Calculate the remainder when w is divided by y.
7
What is the remainder when (-21)/(-12) - (-10 + (-1018)/8) is divided by 128?
11
Let i be 0 - (18 + -22 + -78 + 0). Suppose -20*l + 18*l + i = 0. What is the remainder when 161 is divided by l?
38
Let k = 137 - 80. Let w(l) = -11*l - 200. What is the remainder when k is divided by w(-20)?
17
Suppose 33 - 14 = b. What is the remainder when 91 is divided by b?
15
Let d be 1*2*(0 - -2). Suppose 28 + 116 = 8*t. What is the remainder when d/t + (-205)/(-9) is divided by 6?
5
Suppose 3*q - b - 38 = -2*b, 0 = -4*b - 4. Suppose p - q = -1. Let k(d) = 47*d - 1. Calculate the remainder when k(1) is divided by p.
10
Suppose 418*p - 420*p + 92 = 0. What is the remainder when 158 is divided by p?
20
Suppose 30 = 10*c - 5*c. Suppose 3*p - 33 = -3*a, -4*p + c*a = a - 53. Suppose -b + 2*b - p = 0. Calculate the remainder when b is divided by 3.
0
Suppose -2*s - 22 = -3*t + 2*t, 5*s + 47 = 2*t. Let c(x) = x**2 - 20*x. Let m be c(t). Calculate the remainder when 35 is divided by m/(-5) - 2/(-10).
9
Suppose -5*s + 143 = -2. Suppose 2*y - 206 = 4*n, 0*y - 4*n = 3*y - 349. What is the remainder when y is divided by s?
24
Suppose 3*q = -4*o - 0*q + 128, -3*q = -12. Suppose 0 = -3*x - 2*x + p + 38, 16 = x - 3*p. Calculate the remainder when o is divided by -20*(x/(-2) - -3).
9
Suppose -58*a = -2*o - 55*a + 99, 3*o + 5*a = 120. Calculate the remainder when 359 is divided by o.
44
Suppose 3*s - a = -0*s + 61, s + 3*a = 17. Let b(k) = k - 14. Calculate the remainder when 35 is divided by b(s).
5
Let x(a) = -a**3 + 8*a**2 + 6*a - 10. Suppose 84 - 92 = -l. Calculate the remainder when x(l) is divided by 11.
5
Let y(f) = 11*f + 9. Calculate the remainder when 82 is divided by y(3).
40
Let f = 22 - -37. Suppose 3*c = 5*c + 3*p + 91, -c + 5*p - 26 = 0. Let z = c + f. Calculate the remainder when z is divided by 7.
4
Let h = 642 + -571. Calculate the remainder when 2270 is divided by h.
69
Let u(d) = d**2 - 4*d - 1. Calculate the remainder when u(12) is divide